{"id":40889,"date":"2024-07-09T12:08:48","date_gmt":"2024-07-09T10:08:48","guid":{"rendered":"https:\/\/www.bibione.eu\/?post_type=escursioni&#038;p=40889"},"modified":"2026-08-27T12:30:19","modified_gmt":"2026-08-27T10:30:19","slug":"valgrande-mit-dem-kanu","status":"publish","type":"escursioni","link":"https:\/\/www.bibione.eu\/de\/ausfluge\/valgrande-mit-dem-kanu\/","title":{"rendered":"Valgrande mit dem Kanu"},"content":{"rendered":"\n<p class=\"wp-block-paragraph\">c\/o Eingang von Valgrande, via Baseleghe 2 &#8211; 15 Min. vor Beginn<br>Dauer: ca. 2,5 Stunden.<\/p>\n\n\n\n<p class=\"wp-block-paragraph\">Treffen der Teilnehmer am Eingang von Valgrande, via Baseleghe 2 \u2013 15 Minuten vor Beginn. Nach einer kurzen Fahrt durch die unber\u00fchrte Natur des Tals erreiche ich das antike Casone. Langsame Kanuroute f\u00fcr jedermann ab 5 Jahren. Route: Lagune au\u00dferhalb von Valgrande in Richtung Porto Baseleghe. Empfohlene Kleidung: Badeanzug, Schuhe\/Hausschuhe, Hut, Sonnenbrille, Sonnencreme, M\u00fcckenschutz, Wasser.<\/p>\n\n\n\n<p class=\"wp-block-paragraph\">SOMMER 2026:<\/p>\n\n\n\n<ul class=\"wp-block-list\">\n<li>Jeden Donnerstagmorgen um 9:00 Uhr <\/li>\n\n\n\n<li>Jeden Montag- und Donnerstagnachmittag um 15:00 Uhr<\/li>\n\n\n\n<li>ausnahmsweise auch bei Sonnenuntergang um 19.00 Uhr\n<ul class=\"wp-block-list\">\n<li>Samstag, den 26. Juli<\/li>\n\n\n\n<li>Samstag, den 8. August<\/li>\n\n\n\n<li>Montag, den 10. August<\/li>\n\n\n\n<li>Samstag, den 22. August<\/li>\n\n\n\n<li>Freitag, den 28. August<\/li>\n<\/ul>\n<\/li>\n\n\n\n<li>bis 24. September.<\/li>\n<\/ul>\n\n\n\n<p class=\"wp-block-paragraph\">PREIS<br>Euro 35,00 pro Person<\/p>\n\n\n\n<p class=\"wp-block-paragraph\">Der Preis beinhaltet:<\/p>\n\n\n\n<ul class=\"wp-block-list\">\n<li>F\u00fchrer und Eintritt in Valgrande<\/li>\n\n\n\n<li>Kanuverleih.<\/li>\n<\/ul>\n","protected":false},"excerpt":{"rendered":"<p> Langsame Kanuroute f\u00fcr jedermann ab 5 Jahren.<\/p>\n","protected":false},"featured_media":36639,"template":"","durate":[127],"difficolta":[123],"bici":[125],"class_list":["post-40889","escursioni","type-escursioni","status-publish","has-post-thumbnail","hentry","durate-weniger-als-ein-halber-tag","difficolta-einfach","bici-nein"],"acf":[],"yoast_head":"<!-- This site is optimized with the Yoast SEO plugin v28.3 - https:\/\/yoast.com\/product\/yoast-seo-wordpress\/ -->\n<title>Valgrande mit dem Kanu | Bibione<\/title>\n<meta name=\"robots\" content=\"index, follow, max-snippet:-1, max-image-preview:large, max-video-preview:-1\" \/>\n<link rel=\"canonical\" href=\"https:\/\/www.bibione.eu\/de\/ausfluge\/valgrande-mit-dem-kanu\/\" \/>\n<meta property=\"og:locale\" content=\"de_DE\" \/>\n<meta property=\"og:type\" content=\"article\" \/>\n<meta property=\"og:title\" content=\"Valgrande mit dem Kanu | Bibione\" \/>\n<meta property=\"og:description\" content=\"Langsame Kanuroute f\u00fcr jedermann ab 5 Jahren.\" \/>\n<meta property=\"og:url\" content=\"https:\/\/www.bibione.eu\/de\/ausfluge\/valgrande-mit-dem-kanu\/\" \/>\n<meta property=\"og:site_name\" content=\"Bibione\" \/>\n<meta property=\"article:modified_time\" content=\"2026-08-27T10:30:19+00:00\" \/>\n<meta property=\"og:image\" content=\"https:\/\/www.bibione.eu\/wp-content\/uploads\/2023\/07\/laguna_Valgrande_carosello.webp\" \/>\n\t<meta property=\"og:image:width\" content=\"770\" \/>\n\t<meta property=\"og:image:height\" content=\"577\" \/>\n\t<meta property=\"og:image:type\" content=\"image\/webp\" \/>\n<meta name=\"twitter:card\" content=\"summary_large_image\" \/>\n<meta name=\"twitter:label1\" content=\"Gesch\u00e4tzte Lesezeit\" \/>\n\t<meta name=\"twitter:data1\" content=\"1\u00a0Minute\" \/>\n<script type=\"application\/ld+json\" class=\"yoast-schema-graph\">{\"@context\":\"https:\\\/\\\/schema.org\",\"@graph\":[{\"@type\":\"WebPage\",\"@id\":\"https:\\\/\\\/www.bibione.eu\\\/de\\\/ausfluge\\\/valgrande-mit-dem-kanu\\\/\",\"url\":\"https:\\\/\\\/www.bibione.eu\\\/de\\\/ausfluge\\\/valgrande-mit-dem-kanu\\\/\",\"name\":\"Valgrande mit dem Kanu | Bibione\",\"isPartOf\":{\"@id\":\"https:\\\/\\\/www.bibione.eu\\\/de\\\/#website\"},\"primaryImageOfPage\":{\"@id\":\"https:\\\/\\\/www.bibione.eu\\\/de\\\/ausfluge\\\/valgrande-mit-dem-kanu\\\/#primaryimage\"},\"image\":{\"@id\":\"https:\\\/\\\/www.bibione.eu\\\/de\\\/ausfluge\\\/valgrande-mit-dem-kanu\\\/#primaryimage\"},\"thumbnailUrl\":\"https:\\\/\\\/www.bibione.eu\\\/wp-content\\\/uploads\\\/2023\\\/07\\\/laguna_Valgrande_carosello.webp\",\"datePublished\":\"2024-07-09T10:08:48+00:00\",\"dateModified\":\"2026-08-27T10:30:19+00:00\",\"breadcrumb\":{\"@id\":\"https:\\\/\\\/www.bibione.eu\\\/de\\\/ausfluge\\\/valgrande-mit-dem-kanu\\\/#breadcrumb\"},\"inLanguage\":\"de\",\"potentialAction\":[{\"@type\":\"ReadAction\",\"target\":[\"https:\\\/\\\/www.bibione.eu\\\/de\\\/ausfluge\\\/valgrande-mit-dem-kanu\\\/\"]}]},{\"@type\":\"ImageObject\",\"inLanguage\":\"de\",\"@id\":\"https:\\\/\\\/www.bibione.eu\\\/de\\\/ausfluge\\\/valgrande-mit-dem-kanu\\\/#primaryimage\",\"url\":\"https:\\\/\\\/www.bibione.eu\\\/wp-content\\\/uploads\\\/2023\\\/07\\\/laguna_Valgrande_carosello.webp\",\"contentUrl\":\"https:\\\/\\\/www.bibione.eu\\\/wp-content\\\/uploads\\\/2023\\\/07\\\/laguna_Valgrande_carosello.webp\",\"width\":770,\"height\":577,\"caption\":\"paesaggio naturale con fiume e alberi in fiore\"},{\"@type\":\"BreadcrumbList\",\"@id\":\"https:\\\/\\\/www.bibione.eu\\\/de\\\/ausfluge\\\/valgrande-mit-dem-kanu\\\/#breadcrumb\",\"itemListElement\":[{\"@type\":\"ListItem\",\"position\":1,\"name\":\"Home\",\"item\":\"https:\\\/\\\/www.bibione.eu\\\/de\\\/\"},{\"@type\":\"ListItem\",\"position\":2,\"name\":\"Ausfl\u00fcge\",\"item\":\"https:\\\/\\\/www.bibione.eu\\\/de\\\/ausfluge\\\/\"},{\"@type\":\"ListItem\",\"position\":3,\"name\":\"Valgrande mit dem Kanu\"}]},{\"@type\":\"WebSite\",\"@id\":\"https:\\\/\\\/www.bibione.eu\\\/de\\\/#website\",\"url\":\"https:\\\/\\\/www.bibione.eu\\\/de\\\/\",\"name\":\"Bibione\",\"description\":\"\",\"potentialAction\":[{\"@type\":\"SearchAction\",\"target\":{\"@type\":\"EntryPoint\",\"urlTemplate\":\"https:\\\/\\\/www.bibione.eu\\\/de\\\/?s={search_term_string}\"},\"query-input\":{\"@type\":\"PropertyValueSpecification\",\"valueRequired\":true,\"valueName\":\"search_term_string\"}}],\"inLanguage\":\"de\"}]}<\/script>\n<!-- \/ Yoast SEO plugin. -->","yoast_head_json":{"title":"Valgrande mit dem Kanu | Bibione","robots":{"index":"index","follow":"follow","max-snippet":"max-snippet:-1","max-image-preview":"max-image-preview:large","max-video-preview":"max-video-preview:-1"},"canonical":"https:\/\/www.bibione.eu\/de\/ausfluge\/valgrande-mit-dem-kanu\/","og_locale":"de_DE","og_type":"article","og_title":"Valgrande mit dem Kanu | Bibione","og_description":"Langsame Kanuroute f\u00fcr jedermann ab 5 Jahren.","og_url":"https:\/\/www.bibione.eu\/de\/ausfluge\/valgrande-mit-dem-kanu\/","og_site_name":"Bibione","article_modified_time":"2026-08-27T10:30:19+00:00","og_image":[{"width":770,"height":577,"url":"https:\/\/www.bibione.eu\/wp-content\/uploads\/2023\/07\/laguna_Valgrande_carosello.webp","type":"image\/webp"}],"twitter_card":"summary_large_image","twitter_misc":{"Gesch\u00e4tzte Lesezeit":"1\u00a0Minute"},"schema":{"@context":"https:\/\/schema.org","@graph":[{"@type":"WebPage","@id":"https:\/\/www.bibione.eu\/de\/ausfluge\/valgrande-mit-dem-kanu\/","url":"https:\/\/www.bibione.eu\/de\/ausfluge\/valgrande-mit-dem-kanu\/","name":"Valgrande mit dem Kanu | Bibione","isPartOf":{"@id":"https:\/\/www.bibione.eu\/de\/#website"},"primaryImageOfPage":{"@id":"https:\/\/www.bibione.eu\/de\/ausfluge\/valgrande-mit-dem-kanu\/#primaryimage"},"image":{"@id":"https:\/\/www.bibione.eu\/de\/ausfluge\/valgrande-mit-dem-kanu\/#primaryimage"},"thumbnailUrl":"https:\/\/www.bibione.eu\/wp-content\/uploads\/2023\/07\/laguna_Valgrande_carosello.webp","datePublished":"2024-07-09T10:08:48+00:00","dateModified":"2026-08-27T10:30:19+00:00","breadcrumb":{"@id":"https:\/\/www.bibione.eu\/de\/ausfluge\/valgrande-mit-dem-kanu\/#breadcrumb"},"inLanguage":"de","potentialAction":[{"@type":"ReadAction","target":["https:\/\/www.bibione.eu\/de\/ausfluge\/valgrande-mit-dem-kanu\/"]}]},{"@type":"ImageObject","inLanguage":"de","@id":"https:\/\/www.bibione.eu\/de\/ausfluge\/valgrande-mit-dem-kanu\/#primaryimage","url":"https:\/\/www.bibione.eu\/wp-content\/uploads\/2023\/07\/laguna_Valgrande_carosello.webp","contentUrl":"https:\/\/www.bibione.eu\/wp-content\/uploads\/2023\/07\/laguna_Valgrande_carosello.webp","width":770,"height":577,"caption":"paesaggio naturale con fiume e alberi in fiore"},{"@type":"BreadcrumbList","@id":"https:\/\/www.bibione.eu\/de\/ausfluge\/valgrande-mit-dem-kanu\/#breadcrumb","itemListElement":[{"@type":"ListItem","position":1,"name":"Home","item":"https:\/\/www.bibione.eu\/de\/"},{"@type":"ListItem","position":2,"name":"Ausfl\u00fcge","item":"https:\/\/www.bibione.eu\/de\/ausfluge\/"},{"@type":"ListItem","position":3,"name":"Valgrande mit dem Kanu"}]},{"@type":"WebSite","@id":"https:\/\/www.bibione.eu\/de\/#website","url":"https:\/\/www.bibione.eu\/de\/","name":"Bibione","description":"","potentialAction":[{"@type":"SearchAction","target":{"@type":"EntryPoint","urlTemplate":"https:\/\/www.bibione.eu\/de\/?s={search_term_string}"},"query-input":{"@type":"PropertyValueSpecification","valueRequired":true,"valueName":"search_term_string"}}],"inLanguage":"de"}]}},"_links":{"self":[{"href":"https:\/\/www.bibione.eu\/de\/wp-json\/wp\/v2\/escursioni\/40889","targetHints":{"allow":["GET"]}}],"collection":[{"href":"https:\/\/www.bibione.eu\/de\/wp-json\/wp\/v2\/escursioni"}],"about":[{"href":"https:\/\/www.bibione.eu\/de\/wp-json\/wp\/v2\/types\/escursioni"}],"wp:featuredmedia":[{"embeddable":true,"href":"https:\/\/www.bibione.eu\/de\/wp-json\/wp\/v2\/media\/36639"}],"wp:attachment":[{"href":"https:\/\/www.bibione.eu\/de\/wp-json\/wp\/v2\/media?parent=40889"}],"wp:term":[{"taxonomy":"durate","embeddable":true,"href":"https:\/\/www.bibione.eu\/de\/wp-json\/wp\/v2\/durate?post=40889"},{"taxonomy":"difficolta","embeddable":true,"href":"https:\/\/www.bibione.eu\/de\/wp-json\/wp\/v2\/difficolta?post=40889"},{"taxonomy":"bici","embeddable":true,"href":"https:\/\/www.bibione.eu\/de\/wp-json\/wp\/v2\/bici?post=40889"}],"curies":[{"name":"wp","href":"https:\/\/api.w.org\/{rel}","templated":true}]}}

<p class="wp-block-paragraph">c/o Eingang von Valgrande, via Baseleghe 2 &#8211; 15 Min. vor Beginn<br>Dauer: ca. 2,5 Stunden.</p>



<p class="wp-block-paragraph">Treffen der Teilnehmer am Eingang von Valgrande, via Baseleghe 2 – 15 Minuten vor Beginn. Nach einer kurzen Fahrt durch die unberührte Natur des Tals erreiche ich das antike Casone. Langsame Kanuroute für jedermann ab 5 Jahren. Route: Lagune außerhalb von Valgrande in Richtung Porto Baseleghe. Empfohlene Kleidung: Badeanzug, Schuhe/Hausschuhe, Hut, Sonnenbrille, Sonnencreme, Mückenschutz, Wasser.</p>



<p class="wp-block-paragraph">SOMMER 2026:</p>



<ul class="wp-block-list">
<li>Jeden Donnerstagmorgen um 9:00 Uhr </li>



<li>Jeden Montag- und Donnerstagnachmittag um 15:00 Uhr</li>



<li>ausnahmsweise auch bei Sonnenuntergang um 19.00 Uhr
<ul class="wp-block-list">
<li>Samstag, den 26. Juli</li>



<li>Samstag, den 8. August</li>



<li>Montag, den 10. August</li>



<li>Samstag, den 22. August</li>



<li>Freitag, den 28. August</li>
</ul>
</li>



<li>bis 24. September.</li>
</ul>



<p class="wp-block-paragraph">PREIS<br>Euro 35,00 pro Person</p>



<p class="wp-block-paragraph">Der Preis beinhaltet:</p>



<ul class="wp-block-list">
<li>Führer und Eintritt in Valgrande</li>



<li>Kanuverleih.</li>
</ul>

<p> Langsame Kanuroute für jedermann ab 5 Jahren.</p>

<!-- This site is optimized with the Yoast SEO plugin v28.3 - https://yoast.com/product/yoast-seo-wordpress/ -->
<title>Valgrande mit dem Kanu | Bibione</title>
<meta name="robots" content="index, follow, max-snippet:-1, max-image-preview:large, max-video-preview:-1" />
<link rel="canonical" href="https://www.bibione.eu/de/ausfluge/valgrande-mit-dem-kanu/" />
<meta property="og:locale" content="de_DE" />
<meta property="og:type" content="article" />
<meta property="og:title" content="Valgrande mit dem Kanu | Bibione" />
<meta property="og:description" content="Langsame Kanuroute für jedermann ab 5 Jahren." />
<meta property="og:url" content="https://www.bibione.eu/de/ausfluge/valgrande-mit-dem-kanu/" />
<meta property="og:site_name" content="Bibione" />
<meta property="article:modified_time" content="2026-08-27T10:30:19+00:00" />
<meta property="og:image" content="https://www.bibione.eu/wp-content/uploads/2023/07/laguna_Valgrande_carosello.webp" />
	<meta property="og:image:width" content="770" />
	<meta property="og:image:height" content="577" />
	<meta property="og:image:type" content="image/webp" />
<meta name="twitter:card" content="summary_large_image" />
<meta name="twitter:label1" content="Geschätzte Lesezeit" />
	<meta name="twitter:data1" content="1 Minute" />
<script type="application/ld+json" class="yoast-schema-graph">{"@context":"https:\/\/schema.org","@graph":[{"@type":"WebPage","@id":"https:\/\/www.bibione.eu\/de\/ausfluge\/valgrande-mit-dem-kanu\/","url":"https:\/\/www.bibione.eu\/de\/ausfluge\/valgrande-mit-dem-kanu\/","name":"Valgrande mit dem Kanu | Bibione","isPartOf":{"@id":"https:\/\/www.bibione.eu\/de\/#website"},"primaryImageOfPage":{"@id":"https:\/\/www.bibione.eu\/de\/ausfluge\/valgrande-mit-dem-kanu\/#primaryimage"},"image":{"@id":"https:\/\/www.bibione.eu\/de\/ausfluge\/valgrande-mit-dem-kanu\/#primaryimage"},"thumbnailUrl":"https:\/\/www.bibione.eu\/wp-content\/uploads\/2023\/07\/laguna_Valgrande_carosello.webp","datePublished":"2024-07-09T10:08:48+00:00","dateModified":"2026-08-27T10:30:19+00:00","breadcrumb":{"@id":"https:\/\/www.bibione.eu\/de\/ausfluge\/valgrande-mit-dem-kanu\/#breadcrumb"},"inLanguage":"de","potentialAction":[{"@type":"ReadAction","target":["https:\/\/www.bibione.eu\/de\/ausfluge\/valgrande-mit-dem-kanu\/"]}]},{"@type":"ImageObject","inLanguage":"de","@id":"https:\/\/www.bibione.eu\/de\/ausfluge\/valgrande-mit-dem-kanu\/#primaryimage","url":"https:\/\/www.bibione.eu\/wp-content\/uploads\/2023\/07\/laguna_Valgrande_carosello.webp","contentUrl":"https:\/\/www.bibione.eu\/wp-content\/uploads\/2023\/07\/laguna_Valgrande_carosello.webp","width":770,"height":577,"caption":"paesaggio naturale con fiume e alberi in fiore"},{"@type":"BreadcrumbList","@id":"https:\/\/www.bibione.eu\/de\/ausfluge\/valgrande-mit-dem-kanu\/#breadcrumb","itemListElement":[{"@type":"ListItem","position":1,"name":"Home","item":"https:\/\/www.bibione.eu\/de\/"},{"@type":"ListItem","position":2,"name":"Ausflüge","item":"https:\/\/www.bibione.eu\/de\/ausfluge\/"},{"@type":"ListItem","position":3,"name":"Valgrande mit dem Kanu"}]},{"@type":"WebSite","@id":"https:\/\/www.bibione.eu\/de\/#website","url":"https:\/\/www.bibione.eu\/de\/","name":"Bibione","description":"","potentialAction":[{"@type":"SearchAction","target":{"@type":"EntryPoint","urlTemplate":"https:\/\/www.bibione.eu\/de\/?s={search_term_string}"},"query-input":{"@type":"PropertyValueSpecification","valueRequired":true,"valueName":"search_term_string"}}],"inLanguage":"de"}]}</script>
<!-- / Yoast SEO plugin. -->

Langsame Kanuroute für jedermann ab 5 Jahren.

Ausflüge
